v + v**2. Let h(o) = o**3 + 9*o**2 - 8*o + 3. Let k(c) = -4*d(c) + 3*h(c). Calculate k(-6).
5
Let r(l) be the first derivative of 16 - 5*l + 1/2*l**2. Let f be r(8). Let k(a) = a**3 - 5*a**2 + 4*a - 3. Determine k(f).
-9
Suppose 0 = 2*g - 5*k - 18, 78*g - 77*g - 3*k = 10. Let m(q) = q**2 - q - 13. Calculate m(g).
-1
Suppose -7009*s - 728 = -7037*s. Let w(c) = -12*c + 310. Give w(s).
-2
Let j(u) = -13*u**3 - 52*u**2 + 102*u + 107. Let s(p) = -3*p**3 - 13*p**2 + 23*p + 27. Let v(c) = -2*j(c) + 9*s(c). Give v(-13).
-10
Let f(r) = r**2 - 4*r - 2. Let y(t) = -10*t. Let n be y(4). Let w = 58 + n. Suppose -2*o = 4*q - 16, o = q - 5*q + w. Determine f(q).
3
Let y = 188704 + -188704. Let h(d) = -2*d**2 + 4*d + 22. Let t(m) = 3*m**2 - 7*m - 43. Let p(i) = 5*h(i) + 3*t(i). Calculate p(y).
-19
Suppose 0*p - p = 1. Let g(x) = 136*x**3 + 6*x**2 - 16*x - 11. Let q(z) = 25*z**3 + z**2 - 3*z - 2. Let t(j) = 2*g(j) - 11*q(j). Give t(p).
3
Let f = 16405 + -16401. Let l(u) be the second derivative of 2/3*u**f - 1/2*u**2 + 32*u + 0 + 0*u**3. Give l(1).
7
Let r(t) be the first derivative of 1/120*t**5 + 0*t**2 - 5*t**3 + 0*t - 28 + 1/180*t**6 + 0*t**4. Let p(u) be the third derivative of r(u). Give p(-3).
15
Let k(c) = -3*c. Let t be (-1 + 27)*-2*2. Let h = 108 + t. Suppose -4*i = 2*z - 8, h*z - 2 - 5 = -5*i. Calculate k(z).
6
Let y(b) = -3*b + 6. Let r = -46 + 43. Let k be (-6)/(2*r/(-6)). Let p be k*5/(-15)*3. Give y(p).
-12
Let p(m) = 2*m**2 - 5*m - 6. Let d(r) = -9*r**2 - 17*r. Let t be d(-2). Give p(t).
12
Suppose 14 = -17*n - 3. Let f be 5 - (-1 - n - 0). Let q(t) = -t**2 + 7*t - 7. Calculate q(f).
3
Let b(l) = 2*l**2 - 1. Let w = 10 - 16. Let h(y) = -y**2 - 5. Let d be h(0). Let g = w - d. Give b(g).
1
Suppose -692 = 2*y + 4*w, y + 249 = -w - 99. Let v = y - -351. Let o(q) = -21*q + 3. Let j(n) = 14*n - 2. Let p(d) = 8*j(d) + 5*o(d). Determine p(v).
6
Let w(x) = x**2 + 2*x**2 - 4*x**2 - 29*x + 470 - 567. What is w(-25)?
3
Let h = -7 - -10. Let q(r) be the first derivative of 2/3*r**3 + 3/2*r**2 - 123 + 0*r - 1/4*r**4. What is q(h)?
0
Suppose -8*w + 16 = 3360. Let h = w + 408. Let q(c) = c**2 + 13*c + 9. Give q(h).
-21
Let m(d) = 2*d**2 + 3*d. Let k be ((-5)/(-15)*-1)/((-1)/9). Calculate m(k).
27
Let o be (-1*(-2)/(-8))/(6/(-144)). Let w(s) = 2*s**2 - 2*s - 13. Let t(p) = 2*p**2 - 3*p - 12. Let g(l) = o*t(l) - 5*w(l). What is g(4)?
-7
Let f(w) = 19*w - 93*w**2 - 31 - 111*w**2 + 328*w**2 - 108*w**2 - w**3. Determine f(17).
3
Let x(w) be the first derivative of -w**2 + 14*w - 249. Calculate x(11).
-8
Suppose 0 = -7*d + 2*d - 85. Let l(p) = -2*p - 47. Let w(v) = 3*v + 71. Let m(g) = 8*l(g) + 5*w(g). Let f be m(d). Let u(x) = x**2 + 6*x + 4. What is u(f)?
-4
Let v be -66 - (-1)/(1*2/6). Let a = v - -50. Let f(u) = -2*u - 31. Let s be f(a). Let l(h) = -h + 2. Give l(s).
7
Let q(i) be the second derivative of -i**4/12 + 4*i**3/3 - 5*i**2/2 - 3*i + 12. Let u = 120 - 116. Determine q(u).
11
Suppose -113*m + 48*m - 75*m = 280. Let j(h) = -19*h - 6. Give j(m).
32
Let c(b) = b**2 + 13*b - 22. Let j = -2614 + 2600. What is c(j)?
-8
Let y(d) = d. Let z(t) = -3*t + 5. Let h(s) = -s. Let w(c) = 2*h(c) - z(c). Let p be (2 + 0)/(0 + 14/63). Let v be w(p). Give y(v).
4
Let p(c) = -c**3 + 13*c**2 - 9*c + 4. Let z = -15307 + 15319. Calculate p(z).
40
Let m(y) = 16 - 81*y + 11 - 24 + 83*y. Suppose -q = -2*u + 1, 5*u + 9 + 21 = -4*q. Determine m(q).
-7
Let r(f) = 30 - 68 + 23 + 23 + f. Let n(m) = -218*m + 1524. Let i be n(7). Give r(i).
6
Let p(m) be the second derivative of 3*m**3/2 - 70*m**2 - 5*m - 2. Let n be p(16). Let t(h) = -h**3 + 3*h**2 + 4*h. Give t(n).
0
Let o(c) = 0 + 7*c**2 - 9*c**3 - 1 + 2*c**3 - 6*c + 9. Let a(d) = 17*d**3 - 14*d**2 + 11*d - 17. Let n(q) = 2*a(q) + 5*o(q). Determine n(6).
-6
Let m(k) = -6*k + 956 - 2048 + 1030. Give m(-8).
-14
Let z(m) = -37*m + 607. Let p be z(17). Let d(g) = g**2 + 19*g - 42. Give d(p).
24
Let f(i) = -i**2 - 16*i - 24. Let s be f(-14). Suppose 3*r = -o - s, o + 3 = 4*r - 1. Let k(c) = c**3 + c**2 + c + 25. Give k(r).
25
Let i(b) = -3*b**3 + 72*b**2 + 27*b + 13. Let c(g) = g**3 - 22*g**2 - 8*g - 4. Let z(v) = 7*c(v) + 2*i(v). Calculate z(10).
-22
Let u(y) be the third derivative of 1/3*y**3 - 31*y**2 + 1/60*y**5 + 7/24*y**4 + 0*y + 0. Let t(m) = -m - 6. Let c be t(-3). Give u(c).
-10
Let w be (-4)/(-16) - (144/384 + (-370)/16). Let q(y) = y**3 - 23*y**2 - 2*y + 30. Give q(w).
-16
Let v(b) = -b**3 - 6*b**2 - 15*b - 6. Suppose -5*l - s - 38 = 0, 2*s + 393 - 377 = 0. Calculate v(l).
84
Let l(q) = -3*q - 3. Let u(g) = 9*g + 7. Let s be (2*2/(-2))/((-2)/4). Let k(n) = s*u(n) + 11*l(n). Let i(h) = 3*h - 4. Let r(d) = -3*i(d) + 2*k(d). Give r(7).
-19
Let l be 2/(-8) - (1/6 - 555/36). Let w(y) = y**2 - 14*y - 13. Give w(l).
2
Let h(p) = -27*p**3 - 28*p**3 + 14 - 7*p**2 + 79*p**3 + p - 5*p - 23*p**3. Calculate h(6).
-46
Let m(r) be the third derivative of -r**6/120 - r**5/5 + r**4/2 - r**3 - r**2 - 1006*r. Determine m(-13).
7
Let o be -25*(-24)/(-360)*24/10. Let j(d) = d**3 + 5*d**2 + 5*d + 5. Determine j(o).
1
Let m(y) = -y**3 + 20*y**2 - 16*y - 33. Suppose 151*z - 1030 - 1075 = 764. Determine m(z).
24
Let o(l) = 2*l**2 - 14*l + 16. Let z(j) = 3*j**2 - 29*j + 34. Let a(d) = -5*o(d) + 3*z(d). Give a(-18).
4
Suppose 17*k = 12*k + 35, 18 = n + 4*k. Let a(r) = -5*r - 26. Determine a(n).
24
Let d(v) = 13*v + 297. Let y(i) = -90*i - 2020. Let o(k) = -34*d(k) - 5*y(k). What is o(9)?
74
Let d(m) = 5*m**3 - 3*m**2 + m - 14. Let t(n) = -9*n**3 + 6*n**2 - 2*n + 26. Let i(h) = 11*d(h) + 6*t(h). Let k = -113 + 109. Calculate i(k).
-10
Suppose 55*o + 1272 = -158*o + 54*o. Let v(z) = 2*z**3 + 16*z**2 + 1. Give v(o).
1
Let a(n) = -35*n - 526. Let k be a(-15). Let j(q) = -10*q**3 + 7*q**2 + 7*q + 1. Calculate j(k).
11
Suppose 8*n = -n - 414. Let t = -39 - n. Let z(v) = -v. What is z(t)?
-7
Let g(n) be the second derivative of -n**5/20 - n**4/12 - n**3/6 + n**2 + 16*n + 1. Calculate g(3).
-37
Suppose 3*t - 8*t + 15 = 0. Suppose z - 6 = 2*b - z, -1 = -t*b + z. Suppose -6 = b*c - 12. Let f(g) = g**3 - 5*g**2 + 4*g. Give f(c).
-6
Suppose 1058*n = -3*j + 1059*n + 12, 2*n - 6 = j. Let y(p) = -19*p + 99. Determine y(j).
-15
Let q(l) = l**2 - 9*l - 27. Suppose 5*b + 2367 = -3*y, -5*y = -5*b + 4732 - 747. Let j = y - -806. Give q(j).
9
Let i be 6*(3 - (-25)/(-10)). Let s be 2*30/24 + i/2. Let o(c) = -s + 13 + 2*c**2 - 9 - c. Give o(2).
6
Let d(w) = -57*w**2 - 30*w - 21. Let v(s) = -52*s**2 - 30*s - 20. Let j(f) = 10*d(f) - 11*v(f). Calculate j(-15).
10
Suppose 0 = -25*d - 1948 + 1748. Let p(c) = -c**3 - 12*c**2 - 29*c + 21. Give p(d).
-3
Suppose -3*b - 2*z - 20 = 0, 4*b + 5*z + 31 - 2 = 0. Let m(s) = 0 - 7*s**2 - 9 + 4*s**3 + 4*s - 11*s - 5*s**3. Calculate m(b).
-3
Let g(p) = -12*p + 59. Let z(j) = -59*j + 3958. Let n be z(67). Determine g(n).
-1
Let f(o) = -10002*o**2 + 0*o**3 + 9*o - 13 - o**3 + 9993*o**2. Suppose -2*h - 23 = -3*p, 0*h = 4*h - 5*p + 45. Determine f(h).
-3
Let b(k) = 17*k - 111. Let l be b(7). Suppose 0 = 3*f + 5*a + 6, -l = 4*f + 6*a - 4*a. Let i(r) = 4*r**3 - 2*r - 2. Determine i(f).
-30
Let n(b) = b**3 + 22*b**2 + 20. Let g(a) = -a**3 - 20*a**2 + 147*a + 2918. Let m be g(-20). What is n(m)?
20
Suppose -m = 5*o - 3*m - 213, 4*m = 4*o - 180. Suppose 3*z + 2*t + 4 - 70 = 0, -4*t = 5*z - 110. Let j(a) = -a**3 + z + 2*a**3 - o + 20. Calculate j(-2).
-7
Let n(l) = -l**3 + 19*l**2 - 5*l + 11. Let f(i) = 2*i**3 + 20*i**2 + 31*i + 11. Let s be f(-8). Calculate n(s).
-84
Let v(y) be the second derivative of y**5/20 + 13*y**4/12 + 10*y**3/3 - 8*y**2 - 479*y. What is v(-11)?
6
Let c(r) = r**2 - 14*r + 5. Let f(s) = 72*s + 586. Let b be f(-8). Determine c(b).
-35
Let l be (60/25)/(100/(-20) - (-94)/20). Let w(i) = -i**3 - 7*i**2 + 8*i + 6. Give w(l).
6
Let v(w) = w**2 - 10*w + 13. Let f(h) = -4*h**2 + 23*h - 33. Let r be f(5). Let u be r/(-4) - 15/(-6). What is v(u)?
-8
Let x = 8044 + -8044. Let m(b) be the third derivative of x*b**5 - 1/20*b**6 - 25*b**2 - 1/24*b**4 + 0 - 1/6*b**3 + 0*b. Determine m(-1).
6
Let s be 10/3*(-6)/(-4). Let a(h) = 23*h - 5. Let o(d) = 11*d - 3. Let t(v) = -2*a(v) + 5*o(v). Let j(z) = 8*z - 5. Let n(p) = -7*j(p) + 6*t(p). Give n(s).
-5
Suppose 8*r - 6*r = 0. Suppose r = -4*g - 10 + 6. Let x(a) be the first derivative of -a**